{"id":2016,"date":"2023-08-30T10:08:25","date_gmt":"2023-08-30T08:08:25","guid":{"rendered":"https:\/\/www.mr-invest.com.pl\/?page_id=2016"},"modified":"2024-03-19T14:08:18","modified_gmt":"2024-03-19T13:08:18","slug":"lesna-petarda","status":"publish","type":"page","link":"https:\/\/www.eminvest.pl\/index.php\/home\/lesna-petarda\/","title":{"rendered":"Osiedle Le\u015bna Petarda"},"content":{"rendered":"<div class=\"wpb-content-wrapper\"><p>[vc_row row_type=&#8221;row_full_center_content&#8221;][vc_column]\n\t<div class=\"custom-heading wpb_content_element \">\n\t\t<h2 class=\"heading-title\" >Osiedle Le\u015bna Petarda<\/h2>\n\t\t<span class=\"heading-line primary\"><\/span>\n\t<\/div>[\/vc_column][\/vc_row][vc_row row_type=&#8221;row_full_center_content&#8221; row_meta_color=&#8221;false&#8221; border_width=&#8221;10px&#8221;][vc_column width=&#8221;1\/2&#8243;][vc_column_text]Budowa domu dla wi\u0119kszo\u015bci os\u00f3b jest nie lada przedsi\u0119wzi\u0119ciem. Ogrom<br \/>\ntakiej inwestycji mo\u017ce ca\u0142kowicie poch\u0142on\u0105\u0107. Zar\u00f3wno od strony czysto<br \/>\nfinansowej, jak i ilo\u015bci swojego czasu jak\u0105 musimy na ni\u0105 po\u015bwi\u0119ci\u0107.<br \/>\nZ budow\u0105 domu wi\u0105\u017ce si\u0119 wiele pu\u0142apek, ale jedna zdarza si\u0119 do\u015b\u0107 cz\u0119sto<br \/>\n\u017ale oszacowany koszt ca\u0142ej inwestycji. W efekcie czego nara\u017camy si\u0119<br \/>\nnie niepotrzebne nerwy, problemy finansowe i cz\u0119sto nie do ko\u0144ca przemy\u015blane<br \/>\nrozwi\u0105zania. Warto zatem rozwa\u017cy\u0107 ofert\u0119 alternatywn\u0105, jak\u0105 s\u0105 nowe domy<br \/>\nod dewelopera.<\/p>\n<p>Zapraszamy Pa\u0144stwa do zapoznania si\u0119 z nasz\u0105 najnowsz\u0105 inwestycj\u0105 jak\u0105<br \/>\njest Osiedle LE\u015aNA PETARDA w Ornontowicach na ul. Solarnia. Nazwa ta<br \/>\nnie jest przypadkowa, poniewa\u017c nasze osiedle to prawdziwa PETARDA na<br \/>\nrynku nieruchomo\u015bci. Projekt ca\u0142ego osiedla jest nasz\u0105 odpowiedzi\u0105,<br \/>\nna proponowane dzisiaj na rynku nieruchomo\u015bci powtarzalne, monotonne<br \/>\nbudynki cz\u0119sto upchane w taki spos\u00f3b, \u017ce nowi mieszka\u0144cy trac\u0105 poczucie<br \/>\nintymno\u015bci.[\/vc_column_text][\/vc_column][vc_column width=&#8221;1\/2&#8243;][vc_single_image image=&#8221;1873&#8243; img_size=&#8221;full&#8221; alignment=&#8221;center&#8221;][\/vc_column][\/vc_row][vc_row row_type=&#8221;row_full_center_content&#8221; row_meta_color=&#8221;false&#8221;][vc_column width=&#8221;1\/2&#8243;][vc_single_image image=&#8221;1792&#8243; img_size=&#8221;large&#8221;][\/vc_column][vc_column width=&#8221;1\/2&#8243;][vc_column_text]Osiedle Le\u015bna Petarda sk\u0142ada si\u0119 z 5 dom\u00f3w, wolnostoj\u0105cych, kt\u00f3re maj\u0105<br \/>\nidentyczn\u0105 powierzchni\u0119 150 m2 i ten sam rozk\u0142ad pomieszcze\u0144, a r\u00f3\u017cni<br \/>\nje od siebie wielko\u015b\u0107 dzia\u0142ki, kt\u00f3ra ma od 637 m2 do 661 m2. Projekt<br \/>\nosiedla zosta\u0142 opracowany w taki spos\u00f3b by jak najlepiej wsp\u00f3\u0142gra\u0107 z<br \/>\nnajbli\u017cszym otoczeniem, zapewni\u0107 jego mieszka\u0144com maksimum prywatno\u015bci,<br \/>\na zarazem umo\u017cliwi\u0107 w pe\u0142ni korzystanie z walor\u00f3w otoczenia.<\/p>\n<p>Nasze osiedle to nowoczesna, luksusowa inwestycja. Zlokalizowana jest ona<br \/>\nw presti\u017cowej, bezpiecznej i spokojnej okolicy z bardzo dogodnym dojazdem<br \/>\ndo A1, A4 i wi\u0119kszych miast \u015bl\u0105ska typu Gliwice, Ruda \u015al\u0105ska. Osiedle to<br \/>\nidealnie odpowiada\u0107 b\u0119dzie zar\u00f3wno osobom aktywnym zawodowo, ceni\u0105cym<br \/>\nodpoczynek, jak i rodzinom z dzie\u0107mi.[\/vc_column_text][\/vc_column][\/vc_row][vc_row row_type=&#8221;row_full_center_content&#8221;][vc_column]\n\t<div class=\"custom-heading wpb_content_element \">\n\t\t<h2 class=\"heading-title\" >Oferta<\/h2>\n\t\t<span class=\"heading-line primary\"><\/span>\n\t<\/div>[\/vc_column][\/vc_row][vc_row row_type=&#8221;row_full_center_content&#8221;][vc_column][vc_table vc_table_theme=&#8221;simple&#8221; allow_html=&#8221;1&#8243;][14px;c#606060;b]LP,[14px;c#606060;b]Powierzchnia,[14px;c#606060;b]Ilo%C5%9B%C4%87%20pokoi,[14px;c#606060;b]Dzia%C5%82ka,[14px;c#606060;b]Stan,[14px;c#606060;b]Karta%20budowy,[14px;c#606060;b]Cena|[12px;align-left]1,[12px;align-left]150%2C36%20m2,[12px;align-left]4,[12px;align-left]660m2,[12px;align-left;c#2d6016;b]Sprzedany,[12px;align-left;b]-,[12px;align-left]-|[align-left;12px]2,[align-left;12px]150%2C36%20m2,[align-left;12px]4,[align-left;12px]637m2,[align-left;12px;c#2d6016]Sprzedany,[align-left;12px]-,[align-left;12px]-|[align-left;12px]3,[align-left;12px]150%2C36%20m2,[align-left;12px]4,[align-left;12px]642m2,[align-left;12px;c#2d6016]Sprzedany,[align-left;12px]-,[align-left;12px]-|[align-left;12px]4,[align-left;12px]150%2C36%20m2,[align-left;12px]4,[align-left;12px]657m2,[align-left;12px;c#2d6016]Sprzedany,[align-left;12px]-,[align-left;12px]-|[align-left;12px]5,[align-left;12px]150%2C36%20m2,[align-left;12px]4,[align-left;12px]666m2,[align-left;12px;c#2d6016]Sprzedany,[align-left;12px]-,[align-left;12px]-[\/vc_table][\/vc_column][\/vc_row][vc_row row_type=&#8221;row_full_center_content&#8221; row_meta_color=&#8221;false&#8221;][vc_column]\n\t<div class=\"custom-heading wpb_content_element \">\n\t\t<h2 class=\"heading-title\" >Zdj\u0119cia z realizacji<\/h2>\n\t\t<span class=\"heading-line primary\"><\/span>\n\t<\/div>[vc_media_grid style=&#8221;load-more&#8221; items_per_page=&#8221;6&#8243; element_width=&#8221;2&#8243; btn_title=&#8221;Poka\u017c wi\u0119cej&#8221; btn_style=&#8221;modern&#8221; btn_color=&#8221;grey&#8221; btn_size=&#8221;sm&#8221; grid_id=&#8221;vc_gid:1710853669144-115fab51-7b8b-2&#8243; include=&#8221;1871,1876,1875,1803,1873,1792,1872,1793,1791,1795,1610,1608,1606,1642,1684,1685,1640,1693,1701,1700,1697,1704,1706,1731,1735,1609,1749,1750,1760,1763,1790,1797,1397,1582,1587&#8243;][\/vc_column][\/vc_row][vc_row row_type=&#8221;row_full_center_content&#8221; row_meta_color=&#8221;false&#8221;][vc_column]\n\t<div class=\"custom-heading wpb_content_element \">\n\t\t<h2 class=\"heading-title\" >Wizualizacje<\/h2>\n\t\t<span class=\"heading-line primary\"><\/span>\n\t<\/div>[vc_media_grid style=&#8221;load-more&#8221; items_per_page=&#8221;6&#8243; element_width=&#8221;2&#8243; btn_title=&#8221;Poka\u017c wi\u0119cej&#8221; btn_style=&#8221;modern&#8221; btn_color=&#8221;grey&#8221; btn_size=&#8221;sm&#8221; grid_id=&#8221;vc_gid:1710853669158-8d80dca7-1c8b-9&#8243; include=&#8221;1248,1250,1229,1560,1136,1131,1129,1119,1126,1122,1115,1383,1557&#8243;][\/vc_column][\/vc_row][vc_row row_type=&#8221;row_full_center_content&#8221;][vc_column]\n\t<div class=\"custom-heading wpb_content_element \">\n\t\t<h2 class=\"heading-title\" >Otoczenie<\/h2>\n\t\t<span class=\"heading-line primary\"><\/span>\n\t<\/div>[vc_media_grid style=&#8221;load-more&#8221; items_per_page=&#8221;6&#8243; element_width=&#8221;2&#8243; btn_title=&#8221;Poka\u017c wi\u0119cej&#8221; btn_style=&#8221;modern&#8221; btn_color=&#8221;grey&#8221; btn_size=&#8221;sm&#8221; grid_id=&#8221;vc_gid:1710853669163-e0d4698a-93b5-10&#8243; include=&#8221;1307,1323,1322,1321,1320,1319,1318,1317,1316,1376,1375,1367,1368,1372,1373,1374&#8243;][\/vc_column][\/vc_row]<\/p>\n<\/div>","protected":false},"excerpt":{"rendered":"<p>[vc_row row_type=&#8221;row_full_center_content&#8221;][vc_column][\/vc_column][\/vc_row][vc_row row_type=&#8221;row_full_center_content&#8221; row_meta_color=&#8221;false&#8221; border_width=&#8221;10px&#8221;][vc_column width=&#8221;1\/2&#8243;][vc_column_text]Budowa domu dla wi\u0119kszo\u015bci os\u00f3b jest nie lada przedsi\u0119wzi\u0119ciem. Ogrom takiej inwestycji mo\u017ce ca\u0142kowicie poch\u0142on\u0105\u0107. Zar\u00f3wno &#8230;<\/p>\n","protected":false},"author":1,"featured_media":0,"parent":822,"menu_order":0,"comment_status":"closed","ping_status":"closed","template":"","meta":{"footnotes":""},"_links":{"self":[{"href":"https:\/\/www.eminvest.pl\/index.php\/wp-json\/wp\/v2\/pages\/2016"}],"collection":[{"href":"https:\/\/www.eminvest.pl\/index.php\/wp-json\/wp\/v2\/pages"}],"about":[{"href":"https:\/\/www.eminvest.pl\/index.php\/wp-json\/wp\/v2\/types\/page"}],"author":[{"embeddable":true,"href":"https:\/\/www.eminvest.pl\/index.php\/wp-json\/wp\/v2\/users\/1"}],"replies":[{"embeddable":true,"href":"https:\/\/www.eminvest.pl\/index.php\/wp-json\/wp\/v2\/comments?post=2016"}],"version-history":[{"count":21,"href":"https:\/\/www.eminvest.pl\/index.php\/wp-json\/wp\/v2\/pages\/2016\/revisions"}],"predecessor-version":[{"id":2117,"href":"https:\/\/www.eminvest.pl\/index.php\/wp-json\/wp\/v2\/pages\/2016\/revisions\/2117"}],"up":[{"embeddable":true,"href":"https:\/\/www.eminvest.pl\/index.php\/wp-json\/wp\/v2\/pages\/822"}],"wp:attachment":[{"href":"https:\/\/www.eminvest.pl\/index.php\/wp-json\/wp\/v2\/media?parent=2016"}],"curies":[{"name":"wp","href":"https:\/\/api.w.org\/{rel}","templated":true}]}}